{"id":17,"date":"2021-12-28T14:00:14","date_gmt":"2021-12-28T14:00:14","guid":{"rendered":"http:\/\/hausarztpraxis-leon.de\/?page_id=17"},"modified":"2023-08-23T15:27:56","modified_gmt":"2023-08-23T15:27:56","slug":"impressum","status":"publish","type":"page","link":"https:\/\/hausarztpraxis-leon.de\/?page_id=17","title":{"rendered":"Impressum"},"content":{"rendered":"\n<h2 class=\"wp-block-heading\">Angaben nach \u00a7 5 TMG<\/h2>\n\n\n\n<p>Verfasser: Ina Watermeyer<\/p>\n\n\n\n<p>Anschrift: <\/p>\n\n\n\n<p>Lic. Corinna Le\u00f3n Kettner                                                                                                                                  <\/p>\n\n\n\n<p>Ina Watermeyer<\/p>\n\n\n\n<p>Mettinger Stra\u00dfe 43<\/p>\n\n\n\n<p>49479 Ibbenb\u00fcren<\/p>\n\n\n\n<p>Telefon: 05451 &#8211; 8108<\/p>\n\n\n\n<p>Faxnummer: 054510-087285<\/p>\n\n\n\n<p>E-Mail: hausarztpraxis-leon(at)gmx.de<a rel=\"noreferrer noopener\" href=\"mailto:info@dt-praxis.de\" target=\"_blank\"><\/a><\/p>\n\n\n\n<p>Kassen\u00e4rztliche Vereinigung: Westfalen-Lippe,<br>Robert-Schimrigk-Str. 4 &#8211; 6, 44141 Dortmund<\/p>\n\n\n\n<p>BSNR: <\/p>\n\n\n\n<h2 class=\"wp-block-heading\">Berufsbezeichungen<\/h2>\n\n\n\n<p>\u00a0Lic. Corinna Le\u00f3n Kettner: Fach\u00e4rztin f\u00fcr Allgemeinmedizin (Berufsbezeichnung verliehen in Westfalen-Lippe, \u00c4rztekammer M\u00fcnster).<\/p>\n\n\n\n<p>Ina Watermeyer: angestellte \u00c4rztin, Fach\u00e4rztin f\u00fcr Allgemeinmedizin (Berufsbezeichnung verliehen in Westfalen-Lippe, \u00c4rztekammer M\u00fcnster, Fach\u00e4rztin f\u00fcr Gef\u00e4\u00dfchirurgie (Berufsbezeichnung verliehen in  Niedersachsen, \u00c4rztekammer Hannover). <\/p>\n\n\n\n<p><\/p>\n\n\n\n<h2 class=\"wp-block-heading\">Berufsrechtliche Regelungen<\/h2>\n\n\n\n<p>\u2022&nbsp;&nbsp; Berufsordnung der Landes\u00e4rztekammer<br>&nbsp;&nbsp;&nbsp; von Westfalen-Lippe<br>\u2022&nbsp;&nbsp;&nbsp;Heilberufegesetz des Landes Westfalen-Lippe<\/p>\n\n\n\n<p>Die Regelungen finden sich auf der Landes\u00e4rztekammerhomepage von Westfalen-Lippe<\/p>\n\n\n\n<p><br>http:\/\/www.aekwl.de\/fileadmin\/rechtsabteilung\/doc\/BO24032007.pdf<\/p>\n\n\n\n<p>Umsatzsteuer-Identifikationsnummer: <\/p>\n","protected":false},"excerpt":{"rendered":"<p>Angaben nach \u00a7 5 TMG Verfasser: Ina Watermeyer Anschrift: Lic. Corinna Le\u00f3n Kettner Ina Watermeyer Mettinger Stra\u00dfe 43 49479 Ibbenb\u00fcren Telefon: 05451 &#8211; 8108 Faxnummer: 054510-087285 E-Mail: hausarztpraxis-leon(at)gmx.de Kassen\u00e4rztliche Vereinigung: Westfalen-Lippe,Robert-Schimrigk-Str. 4 &#8211; 6, 44141 Dortmund BSNR: Berufsbezeichungen \u00a0Lic. Corinna Le\u00f3n Kettner: Fach\u00e4rztin f\u00fcr Allgemeinmedizin (Berufsbezeichnung verliehen in Westfalen-Lippe, \u00c4rztekammer M\u00fcnster). Ina Watermeyer: angestellte \u00c4rztin, [&hellip;]<\/p>\n","protected":false},"author":1,"featured_media":0,"parent":0,"menu_order":0,"comment_status":"closed","ping_status":"closed","template":"","meta":{"footnotes":""},"class_list":["post-17","page","type-page","status-publish","hentry","post"],"jetpack_sharing_enabled":true,"_links":{"self":[{"href":"https:\/\/hausarztpraxis-leon.de\/index.php?rest_route=\/wp\/v2\/pages\/17","targetHints":{"allow":["GET"]}}],"collection":[{"href":"https:\/\/hausarztpraxis-leon.de\/index.php?rest_route=\/wp\/v2\/pages"}],"about":[{"href":"https:\/\/hausarztpraxis-leon.de\/index.php?rest_route=\/wp\/v2\/types\/page"}],"author":[{"embeddable":true,"href":"https:\/\/hausarztpraxis-leon.de\/index.php?rest_route=\/wp\/v2\/users\/1"}],"replies":[{"embeddable":true,"href":"https:\/\/hausarztpraxis-leon.de\/index.php?rest_route=%2Fwp%2Fv2%2Fcomments&post=17"}],"version-history":[{"count":12,"href":"https:\/\/hausarztpraxis-leon.de\/index.php?rest_route=\/wp\/v2\/pages\/17\/revisions"}],"predecessor-version":[{"id":257,"href":"https:\/\/hausarztpraxis-leon.de\/index.php?rest_route=\/wp\/v2\/pages\/17\/revisions\/257"}],"wp:attachment":[{"href":"https:\/\/hausarztpraxis-leon.de\/index.php?rest_route=%2Fwp%2Fv2%2Fmedia&parent=17"}],"curies":[{"name":"wp","href":"https:\/\/api.w.org\/{rel}","templated":true}]}}